se 8, what is 13206171 + -4?
13206165
In base 12, what is 43 - 4b83?
-4b40
In base 12, what is -5933b7 + 5?
-5933b2
In base 4, what is -111123322 - -30?
-111123232
In base 11, what is -14 + 15?
1
In base 12, what is 1a8 + -a?
19a
In base 3, what is 11 + -1112101220?
-1112101202
In base 3, what is 12 - 110120021?
-110120002
In base 6, what is 15 + 204053?
204112
In base 4, what is -2000022 + -1033?
-2001121
In base 16, what is -126b - -b5?
-11b6
In base 4, what is 100113102 + 10?
100113112
In base 2, what is -10101 - 1111110000?
-10000000101
In base 5, what is -2001 + 141222?
134221
In base 3, what is 202102202 - -2?
202102211
In base 13, what is -c - -17c1?
17b2
In base 2, what is 111011 + -111101111011?
-111101000000
In base 12, what is 3 + 26654?
26657
In base 10, what is -766 - 126?
-892
In base 11, what is 2676 + -2a?
2647
In base 6, what is 203301 - 4?
203253
In base 16, what is 5 + -64af?
-64aa
In base 16, what is -1 + e094?
e093
In base 4, what is 12 + -1103033?
-1103021
In base 16, what is -1a3 - -53?
-150
In base 9, what is -560 - 153?
-723
In base 12, what is 915 - -1?
916
In base 10, what is 436 - -7695?
8131
In base 12, what is -44777 - -5?
-44772
In base 2, what is -100101001100110 + 1011010?
-100101000001100
In base 4, what is 113020 + -33?
112321
In base 8, what is 66 - 57757?
-57671
In base 14, what is 7a - -139?
1b5
In base 7, what is -10 - -3030546?
3030536
In base 3, what is 22 - 2112121001?
-2112120202
In base 8, what is -1341153 + -3?
-1341156
In base 15, what is -1 + 6015b?
6015a
In base 6, what is -2001 + 3514?
1513
In base 6, what is 132 - 330?
-154
In base 13, what is 5a9 - 10?
599
In base 7, what is -14 - -1634?
1620
In base 2, what is -110111 + -100100011?
-101011010
In base 10, what is -26950 - 0?
-26950
In base 6, what is -13352 - -22?
-13330
In base 8, what is 14 + 57322?
57336
In base 4, what is 3 + 211130000?
211130003
In base 13, what is 2 + 158b3?
158b5
In base 7, what is -103502 + 5?
-103464
In base 16, what is 2b56 - e?
2b48
In base 2, what is -1010001010010111110 + 100?
-1010001010010111010
In base 13, what is a + -13c0?
-13b3
In base 6, what is -5 - 153351?
-153400
In base 16, what is -3 + 4adfe?
4adfb
In base 2, what is 111010100111110010 - -100?
111010100111110110
In base 6, what is 0 - -554203?
554203
In base 13, what is -4a97 - -a?
-4a8a
In base 14, what is 0 - 1649?
-1649
In base 4, what is 31232 - -22333?
120231
In base 7, what is -1154 - 6?
-1163
In base 14, what is -5 - -c0cd0?
c0cc9
In base 4, what is -21021 + -3202?
-30223
In base 10, what is 5490 - -65?
5555
In base 13, what is 0 - 8485?
-8485
In base 15, what is 101d - 25?
ee8
In base 6, what is 3 - -401240?
401243
In base 9, what is -33056 + 6?
-33050
In base 10, what is -2583 - -974?
-1609
In base 8, what is -6 + -7767?
-7775
In base 5, what is 3 + -101321204?
-101321201
In base 11, what is -115 - -28?
-98
In base 4, what is -330320 - 111?
-331031
In base 7, what is -530462 - 3?
-530465
In base 11, what is -253a + 7?
-2533
In base 12, what is 6ba - -50?
74a
In base 5, what is -21 + 23024?
23003
In base 15, what is -6576 + 2?
-6574
In base 16, what is -cbd3 - 2?
-cbd5
In base 6, what is 4 - 112215?
-112211
In base 10, what is 51 + 409?
460
In base 4, what is 1033 - 303313?
-302220
In base 13, what is 12 + 15970?
15982
In base 15, what is -1c56 - -1?
-1c55
In base 2, what is -1100101110001101 - 0?
-1100101110001101
In base 10, what is 60 - -1919?
1979
In base 14, what is 24 - -15b38?
15b5c
In base 5, what is 103240 + 10304?
114044
In base 7, what is -3441 + 33?
-3405
In base 5, what is 0 - -23110120?
23110120
In base 6, what is 2413151 - -35?
2413230
In base 14, what is 17 + -1031?
-1018
In base 6, what is -23323 - 5344?
-33111
In base 12, what is -169 - 150?
-2b9
In base 10, what is 92405 + 7?
92412
In base 7, what is -4323043 + 5?
-4323035
In base 3, what is -211221102102 - 0?
-211221102102
In base 13, what is 57b + b84?
1432
In base 13, what is 806 + -5?
801
In base 12, what is 8 + 1528?
1534
In base 11, what is -315a - 0?
-315a
In base 2, what is -11010111 + 11010111100110?
11010100001111
In base 2, what is 101 - -11000111100001001?
11000111100001110
In base 13, what is 3 + c2c0?
c2c3
In base 6, what is -12031123 + -4?
-12031131
In base 16, what is -294 - 10?
-2a4
In base 15, what is a95be + -4?
a95ba
In base 12, what is 3 - 3360?
-3359
In base 11, what is 7a - -31?
100
In base 8, what is -317240 - 1?
-317241
In base 16, what is 2f02 - 0?
2f02
In base 2, what is -1101011 - -1010?
-1100001
In base 9, what is 2 + 271626?
271628
In base 13, what is -50288 + 4?
-50284
In base 3, what is -12110022221 - -121?
-12110022100
In base 14, what is a6244 - 1?
a6243
In base 11, what is 37 - -1489?
1515
In base 2, what is 11001010 + 1111111001?
10011000011
In base 12, what is -6ab + -66?
-755
In base 12, what is 14 - -11315?
11329
In base 9, what is 8133 - 25?
8107
In base 7, what is -22621034 - 3?
-22621040
In base 7, what is 321243 + 0?
321243
In base 2, what is -10 + -101100010000?
-101100010010
In base 11, what is -27 + -18461?
-18488
In base 5, what is -344342 + -13?
-344410
In base 4, what is -131 - 102010?
-102201
In base 2, what is -110 + 1010000100110?
1010000100000
In base 12, what is -5409 - 13?
-5420
In base 15, what is -743 - 69?
-7ac
In base 14, what is -807 + 4d7?
-310
In base 16, what is -db - 1f1?
-2cc
In base 11, what is -193 + 1a8?
15
In base 7, what is -533254 - 1?
-533255
In base 13, what is -82 - 57?
-109
In base 8, what is 4 - 17363?
-17357
In base 16, what is -1 + -11b28?
-11b29
In base 14, what is acd6 - 1?
acd5
In base 3, what is 111120020020 - 0?
111120020020
In base 7, what is 1026 - 316?
410
In base 12, what is 14a + -856?
-708
In base 4, what is 11122 + 101?
11223
In base 7, what is -215 + 4216?
4001
In base 3, what is -1002212020 - 2?
-1002212022
In base 11, what is -2220a5 - 4?
-2220a9
In base 16, what is -6 + 1402?
13fc
In base 15, what is -ec3 + e?
-eb4
In base 13, what is -319842 + 2?
-319840
In base 15, what is 10b4c5 + -1?
10b4c4
In base 5, what is 322404 - -11?
322420
In base 9, what is 175127 - 8?
175118
In base 2, what is 0 - -11000000100000?
11000000100000
In base 14, what is 3d0 - -14?
404
In base 14, what is 9bc5 + 0?
9bc5
In base 5, what is 10424 - -40023?
101002
In base 5, what is -43 - -11323?
11230
In base 12, what is -42 - -619?
597
In base 5, what is -200020 + 4034?
-140431
In base 15, what is 2da16 - 5?
2da11
In base 12, what is -6a292 - 0?
-6a292
In base 14, what is 161 - -1338?
1499
In base 11, what is 58a51 + -7?
58a45
In base 11, what is 271794 + 1?
271795
In base 7, what is -25502 - -306?
-25163
In base 16, what is 55f + -8?
557
In base 4, what is -21131 + 321?
-20210
In base 9, what is -4 - 25434?
-25438
In base 10, what is 5 + -103865?
-103860
In base 11, what is 167a5 - -8?
16802
In base 15, what is -57b56 - b?
-57b62
In base 3, what is -11212 - -10002000?
2220011
In base 2, what is -11010010011101 + 100110?
-11010001110111
In base 2, what is 110010101111 - -1011101?
110100001100
In base 14, what is -28c - -1b3?
-b9
In base 9, what is 3546 + 22?
3568
In base 12, what is 135b + 10?
136b
In base 7, what is -5 - -24165?
24160
In base 12, what is 3 + 21454?
21457
In base 8, what is -113035 + 0?
-113035
In base 2, what is -1011 + -111001110?
-111011001
In base 9, what is -535 + -33?
-568
In base 15, what is -19c30 + a?
-19c25
In base 11, what is -162 + 1a101?
19a4a
In base 16, what is 1a8b - 18a?
1901
In base 4, what is 132203 - -30?
132233
In base 2, what is -101 - -1111011100011?
1111011011110
In base 9, what is 424581 + 1?
424582
In base 11, what is 25 - 756?
-731
In base 11, what is a28 + 127?
1054
In base 3, what is -22122110 + 1220?
-22120120
In base 15, what is 7c9c + 1?
7c9d
In base 8, what is 0 + 127320?
127320
In base 2, what is -10001 + 1110101101101?
1110101011100
In base 15, what is -a5a4 + 15?
-a58e
In base 2, what is -111011111000 - 10?
-111011111010
In base 6, what is 5 + -1145351?
-1145342
In base 15, what is 27 + 213?
23a
In base 9, what is -18753 - -8?
-18744
In base 2, what is 11010011100 + -1111101?
11000011111
In base 10, what is 379590 - 0?
379590
In base 6, what is 1321 + 3200?
4521
In base 2, what is -110 + -10000101100011?
-10000101101001
In base 13, what is -272 - 661?
-9